 + 9*z**2 + 8*z + 4. What are the prime factors of s(-8)?
2
Let d be 5 - 1*(-4 + 3). Suppose -2*l - 4*w + 16 = 0, 2*l = d*l + 2*w - 14. Suppose 55 = 3*g + l*g. What are the prime factors of g?
11
Let a(o) = 24*o - 6. Let f be a(4). Suppose 0 = x + 5, 4*b - 5*x = -b + f. What are the prime factors of b?
13
Let u(o) = -2 + 5*o**2 - 8 + o**2 - 5*o - 5*o**2. What are the prime factors of u(8)?
2, 7
Let b(q) = -q**2 - 12*q - 6. List the prime factors of b(-10).
2, 7
Suppose -4*f + 688 = 5*t, -4*t + 3*f - 6*f + 550 = 0. What are the prime factors of t?
2, 17
Let w be (-7)/1 - (-5 + 2). Let n = w - -7. List the prime factors of n.
3
Suppose -4*i - 4 = -5*i. Let j be 9/2*i/6. Suppose 4*l - 5 - j = 0. List the prime factors of l.
2
Suppose 5*v - 4*h = -70, -3*v - 2*h - 44 = -4*h. Let r be v/(-4)*1*6. Suppose -9 - r = -4*y. What are the prime factors of y?
3
Let u(w) = -2*w**3 - 35*w**2 - 22*w - 9. List the prime factors of u(-17).
2, 19
Suppose 8*o = 3*o + 170. List the prime factors of o.
2, 17
List the prime factors of (4 + 41)/1 + 3.
2, 3
Let n(g) = 2*g**2 - 16*g - 5. What are the prime factors of n(15)?
5, 41
Let u be (2/3)/(8/60). Suppose -23 = -3*x + x + u*a, -81 = -4*x + 3*a. What are the prime factors of x?
2, 3
Suppose -154 = 4*g - 554. What are the prime factors of g?
2, 5
Let m = 1 + 12. What are the prime factors of m?
13
Let z(k) = k**2 + 1. Let u be (0 + 2)*(0 + 1). Let i be z(u). Suppose -6*r = -r - i*c - 45, -c + 18 = 2*r. List the prime factors of r.
3
Let y(u) = u**3 + 2*u**2 - 1. Let r be y(1). Suppose -2*s - 3*k + 119 = 2*s, -70 = -2*s + r*k. List the prime factors of s.
2
Suppose -z + 36 = 11. Suppose -4*y + z = y. Suppose 25 = y*d, -k + 0 + 9 = d. List the prime factors of k.
2
Suppose -3*x = -82 - 44. Let c = x - 30. List the prime factors of c.
2, 3
Let z be ((-2)/(-5))/((-3)/(-15)). Suppose -21 = -2*q - q. Suppose 10 = -z*b + q*b. List the prime factors of b.
2
Suppose -3*t - 12 = t. List the prime factors of (1 - t)*(-1)/(-2).
2
Let v be ((-30)/3)/2 - -2. Let o be (81/(-12))/(v/40). Suppose -o = -4*j - j. List the prime factors of j.
2, 3
Suppose r = -3*n - 43, 0*n - 2*r = -3*n - 49. Let m be 5/(n/(-6)) - 2. Suppose 0*z + 4*z = 5*t + 31, m = -5*z + 2*t + 26. List the prime factors of z.
2
Let v = 3 + 7. Suppose 0 = -4*f - 2 + v. Suppose 2*c - 2*x = -6*x + 38, 4*x = f*c - 6. List the prime factors of c.
11
Let x be (1/(-4))/((-2)/24). Suppose -x*w = -7*w + 44. List the prime factors of w.
11
Let o be (-3)/(-9) - (-1)/(-3). Suppose 4*d + o - 12 = 0. List the prime factors of d.
3
Suppose -5*n + 3*v + 11 = -12, 4*n = -5*v + 11. Suppose 0 = 4*d - n - 12. What are the prime factors of d?
2
Let b be (-272)/28 + (-2)/7. Let h = b + 12. What are the prime factors of h?
2
Let s(u) = u**3 + 4*u**2 - 2. Let d = 2 + -5. What are the prime factors of s(d)?
7
List the prime factors of -3 + (-4)/(16/(-28)).
2
Let r(l) = l**2 + 4*l - 2. List the prime factors of r(-9).
43
Let m = -11 + 15. Suppose -5*s + 0*f = f - 5, -m*s - 5*f - 17 = 0. Suppose 0*j - 16 = -s*j. List the prime factors of j.
2
Let u(i) = -i**3 + 8*i**2 + 4*i + 9. What are the prime factors of u(7)?
2, 43
Let w = -116 + 142. What are the prime factors of w?
2, 13
Suppose 3*o = 5*o - 56. List the prime factors of o.
2, 7
Suppose 0 = 2*r - r + 1. Let c = r + 0. Let d = c - -3. List the prime factors of d.
2
Suppose -15 - 34 = -r. What are the prime factors of r?
7
Let m = 2 + -1. Suppose -4*f - 20 = 5*t - 6*f, 3*t + f + 1 = 0. List the prime factors of m - (-10 + 2 - t).
7
Suppose 2 + 2 = 2*v. Suppose -5*q = -5*d + 15, -d + v*q = -0*d - 3. List the prime factors of d.
3
Let f(p) = -p + 18. What are the prime factors of f(7)?
11
Let f(o) = 12 + o**3 - 6 + o**2 - 2*o + 5*o**2. What are the prime factors of f(-6)?
2, 3
Let y be 3/18 + 85/30. List the prime factors of 4 - 90/(y + -6).
2, 17
Suppose 4 = -5*r - 6, -3*r + 169 = p. What are the prime factors of p?
5, 7
Let o be (-6)/(-4) - (-12)/8. Let i(p) = 13*p + 7. List the prime factors of i(o).
2, 23
Let m(x) = -x**2 + 2*x - 2. Let j be m(3). Let s(p) = p**3 + 7*p**2 + 2*p - 2. List the prime factors of s(j).
2, 19
Let m = 110 - -30. What are the prime factors of m?
2, 5, 7
Let y(i) = 9*i**2 + 5*i + 6. What are the prime factors of y(4)?
2, 5, 17
List the prime factors of 204 + -1 - 12/6.
3, 67
Suppose 3*q = 7*q - 64. Suppose -3*i = -q - 14. Let p = i - -4. What are the prime factors of p?
2, 7
Suppose -3*f = -k + 2*f + 58, -3*k + 3*f + 114 = 0. Suppose 0 = -3*y + 42 + k. Suppose 4*w = 15 + y. List the prime factors of w.
2, 5
Suppose -3*r - 3 = 9. Let i = r + 4. Suppose i*u + 2*u + 5*h - 22 = 0, 0 = -2*u - 4*h + 20. List the prime factors of u.
2, 3
Suppose 2*r + 0*a = 2*a + 14, 4*a + 30 = 5*r. What are the prime factors of r/6 + 25/15?
2
Let o(d) be the first derivative of d**3/3 + d**2/2 + d + 2. List the prime factors of o(-5).
3, 7
Let u = -3 - -2. Let t be (-6 - -7) + u + 3. Suppose -t*l = -1 - 5. What are the prime factors of l?
2
Let s(r) = r**2. What are the prime factors of s(-3)?
3
Let v = -9 + 28. List the prime factors of v.
19
Suppose 3*n = 5*n - 36. List the prime factors of (-6)/n - (-86)/6.
2, 7
Let o = 33 + 8. Suppose 0*v + 5*v + 4*j - o = 0, 0 = 4*v + 4*j - 36. Let h = 5 + v. List the prime factors of h.
2, 5
Let v(y) = y**3 - 30*y**2 + 30*y + 33. What are the prime factors of v(29)?
2, 31
Let t be 1 - -7*(-2)/(-2). Suppose -5*s + 3*u + 14 = -u, -5*s = 2*u - t. List the prime factors of s.
2
Let u = 6 - 2. Let t(v) = u + 2*v**2 + 1 + v - 3. List the prime factors of t(2).
2, 3
Let b = 17 - 13. List the prime factors of b.
2
Suppose -4*j = -9*j + 125. List the prime factors of j.
5
Let x = -2 - -3. Suppose -b + x = -5. What are the prime factors of b?
2, 3
Suppose -2*h + 10 = -6. Suppose w - h = -0*w. What are the prime factors of w?
2
Let h(o) = 4*o - 18. List the prime factors of h(9).
2, 3
Let j(o) = -o**2 - 4*o. Let g be j(-3). Suppose 4*k = 3*k. Suppose b - g*r - 2 = -k*b, 4*b = -2*r + 50. What are the prime factors of b?
11
Let i = -31 + 75. Let a = 64 - i. What are the prime factors of a?
2, 5
Let a(b) = 97*b - 26. List the prime factors of a(3).
5, 53
Suppose -5*r = 13*r - 5328. What are the prime factors of r?
2, 37
Let b be (-10)/(-35) - 12/(-7). Let g be b/(-8) - 171/(-12). Let k = g - 7. What are the prime factors of k?
7
Let k = 243 + -131. List the prime factors of k.
2, 7
Let n be ((-4)/8)/(2/(-16)). Suppose -n*k - 5*h + 53 = 0, 3*k + 2*h = 5*k - 4. List the prime factors of k.
7
Let j = -2 + 1. Let w(n) = -21*n - 1. What are the prime factors of w(j)?
2, 5
Suppose -u + 2 = 26. Let q = -8 - u. What are the prime factors of q?
2
Suppose -10 = -5*i - 0. Suppose 0 = i*n - 0*n - 4. What are the prime factors of (1 + n)/(-4 - -5)?
3
Let h(u) = 3*u - 2. Let p be h(3). Let s = p + 13. List the prime factors of s.
2, 5
Let t(n) = -n - 4 - 3*n**3 + 2 + n - 2*n**2. List the prime factors of t(-2).
2, 7
Let l be (-1)/4 - (-99)/12. Suppose p = -j + l, -2*j + 20 = 2*p + 2*p. List the prime factors of j.
2, 3
Let c(d) = d**2 - 8*d + 2. Let g be c(8). Suppose g*w - 13 = 19. List the prime factors of w.
2
Let q(r) = 2*r**3 - 4*r**2 - 2*r + 12. List the prime factors of q(5).
2, 19
List the prime factors of ((-4)/(-6))/((-16)/(-1128)).
47
Let a(w) be the second derivative of w**4/12 + 2*w. What are the prime factors of a(-6)?
2, 3
Let r be (-4)/12 - 866/(-6). Suppose w = 5*w - r. What are the prime factors of w?
2, 3
What are the prime factors of 46/3 + 4/6?
2
Let m = 12 - 7. Suppose -2*k + m + 5 = 0. Suppose -h + 28 = -k*p, 4*h - 2*p + 0 = 22. List the prime factors of h.
3
Let q = -9 + 40. What are the prime factors of q?
31
Let q(g) = g**2 - 7*g + 4. Let i be q(6). Let t be (i - -2) + 4/(-2). Let z = t - -8. List the prime factors of z.
2, 3
Let v(g) = -g**3 - 8*g**2 - 7*g + 3. Let q be v(-7). Suppose -4*p - 1 = 3*a, p + q*a + 2 = 4*a. What are the prime factors of 2/(-2) + p + 7?
5
Let h = 103 - 62. List the prime factors of h.
41
Let l(p) = p - 12. Let y be l(6). List the prime factors of (-134)/y + 4/6.
23
Let t = -17 - -26. Suppose -t = -r - 0*r. Suppose -3*s = -6*s + r. List the prime factors of s.
3
Let y = -39 + 77. What are the prime factors of y?
2, 19
Let w = -61 + 94. What are the prime factors of